{"id":16243,"date":"2025-10-07T10:09:56","date_gmt":"2025-10-07T16:09:56","guid":{"rendered":"https:\/\/nicaseeker.com\/directory\/\/taylor-therese-campbell\/"},"modified":"2026-01-13T15:25:08","modified_gmt":"2026-01-13T21:25:08","slug":"taylor-therese-campbell","status":"publish","type":"at_biz_dir","link":"https:\/\/nicaseeker.com\/es\/directory\/directorio-de-negocios\/taylor-therese-campbell\/","title":{"rendered":"Taylor Therese Campbell \u2013 Radiante Creadora de Bodas y Vida"},"content":{"rendered":"<h3 data-start=\"2011\" data-end=\"2450\">Taylor Therese Campbell<\/h3>\n<p data-start=\"2011\" data-end=\"2450\">Fot\u00f3grafo talentoso en <strong data-start=\"2065\" data-end=\"2085\">San Juan del Sur<\/strong> , especializado en capturar los momentos hermosos de la vida, desde fotos de playa en la hora dorada hasta sesiones \u00edntimas de pareja y elegantes retratos boudoir. Con un ambiente amigable y creativo, Taylor trabaja contigo para hacer realidad tu visi\u00f3n. Ya sea que quieras congelar una puesta de sol dorada en la playa, documentar la alegr\u00eda familiar o crear fotos impresionantes, cumple con pasi\u00f3n y arte.  <\/p>\n<p data-start=\"2452\" data-end=\"2577\">Contacta con <strong data-start=\"2465\" data-end=\"2483\">el +505 8947 0251<\/strong> para reservar tu sesi\u00f3n, debatir ideas y programar una sesi\u00f3n que refleje tu estilo e historia.<\/p>\n","protected":false},"author":14,"comment_status":"closed","ping_status":"closed","template":"","atbdp_listing_types":[5632],"at_biz_dir-category":[6635,6636,6161],"at_biz_dir-location":[5806,5764],"at_biz_dir-tags":[6646,6648,6645,6638,6641,6639,6637,6650,6643],"class_list":["post-16243","at_biz_dir","type-at_biz_dir","status-publish","has-post-thumbnail","hentry","atbdp_listing_types-directorio-de-negocios","at_biz_dir-category-bodas-y-organizacion-de-eventos","at_biz_dir-category-fotografos-y-videografos","at_biz_dir-category-professional-services","at_biz_dir-location-rivas","at_biz_dir-location-san-juan-del-sur","at_biz_dir-tags-boudoir","at_biz_dir-tags-disparos-a-la-cabeza","at_biz_dir-tags-fotografia-de-estilo-de-vida","at_biz_dir-tags-fotografo","at_biz_dir-tags-fotos-familiares","at_biz_dir-tags-hora-dorada","at_biz_dir-tags-pelo-de-boda","at_biz_dir-tags-retratos-creativos","at_biz_dir-tags-sesion-de-parejas"],"_links":{"self":[{"href":"https:\/\/nicaseeker.com\/es\/wp-json\/wp\/v2\/at_biz_dir\/16243","targetHints":{"allow":["GET"]}}],"collection":[{"href":"https:\/\/nicaseeker.com\/es\/wp-json\/wp\/v2\/at_biz_dir"}],"about":[{"href":"https:\/\/nicaseeker.com\/es\/wp-json\/wp\/v2\/types\/at_biz_dir"}],"author":[{"embeddable":true,"href":"https:\/\/nicaseeker.com\/es\/wp-json\/wp\/v2\/users\/14"}],"replies":[{"embeddable":true,"href":"https:\/\/nicaseeker.com\/es\/wp-json\/wp\/v2\/comments?post=16243"}],"version-history":[{"count":1,"href":"https:\/\/nicaseeker.com\/es\/wp-json\/wp\/v2\/at_biz_dir\/16243\/revisions"}],"predecessor-version":[{"id":16246,"href":"https:\/\/nicaseeker.com\/es\/wp-json\/wp\/v2\/at_biz_dir\/16243\/revisions\/16246"}],"wp:featuredmedia":[{"embeddable":true,"href":"https:\/\/nicaseeker.com\/es\/wp-json\/wp\/v2\/media\/12874"}],"wp:attachment":[{"href":"https:\/\/nicaseeker.com\/es\/wp-json\/wp\/v2\/media?parent=16243"}],"wp:term":[{"taxonomy":"atbdp_listing_types","embeddable":true,"href":"https:\/\/nicaseeker.com\/es\/wp-json\/wp\/v2\/atbdp_listing_types?post=16243"},{"taxonomy":"at_biz_dir-category","embeddable":true,"href":"https:\/\/nicaseeker.com\/es\/wp-json\/wp\/v2\/at_biz_dir-category?post=16243"},{"taxonomy":"at_biz_dir-location","embeddable":true,"href":"https:\/\/nicaseeker.com\/es\/wp-json\/wp\/v2\/at_biz_dir-location?post=16243"},{"taxonomy":"at_biz_dir-tags","embeddable":true,"href":"https:\/\/nicaseeker.com\/es\/wp-json\/wp\/v2\/at_biz_dir-tags?post=16243"}],"curies":[{"name":"wp","href":"https:\/\/api.w.org\/{rel}","templated":true}]}}

<h3 data-start="2011" data-end="2450">Taylor Therese Campbell</h3>
<p data-start="2011" data-end="2450">Fotógrafo talentoso en <strong data-start="2065" data-end="2085">San Juan del Sur</strong> , especializado en capturar los momentos hermosos de la vida, desde fotos de playa en la hora dorada hasta sesiones íntimas de pareja y elegantes retratos boudoir. Con un ambiente amigable y creativo, Taylor trabaja contigo para hacer realidad tu visión. Ya sea que quieras congelar una puesta de sol dorada en la playa, documentar la alegría familiar o crear fotos impresionantes, cumple con pasión y arte.  </p>
<p data-start="2452" data-end="2577">Contacta con <strong data-start="2465" data-end="2483">el +505 8947 0251</strong> para reservar tu sesión, debatir ideas y programar una sesión que refleje tu estilo e historia.</p>
