{"id":16605,"date":"2025-10-01T09:35:52","date_gmt":"2025-10-01T15:35:52","guid":{"rendered":"https:\/\/nicaseeker.com\/directory\/\/semillitas-daycare-sjds\/"},"modified":"2025-10-01T09:35:52","modified_gmt":"2025-10-01T15:35:52","slug":"semillitas-daycare-sjds","status":"publish","type":"at_biz_dir","link":"https:\/\/nicaseeker.com\/es\/directory\/directorio-de-negocios\/semillitas-daycare-sjds\/","title":{"rendered":"Semillitas Daycare SJDS \u2013 Guarder\u00eda Local de confianza"},"content":{"rendered":"<h3 data-start=\"1775\" data-end=\"1822\">Guarder\u00eda Semillitas:<\/h3>\n<p data-start=\"1824\" data-end=\"2075\"><strong data-start=\"1824\" data-end=\"1853\">Semillitas Daycare Centre<\/strong> en San Juan del Sur ofrece cuidado infantil fiable cada ma\u00f1ana de lunes a viernes. Dirigido por dos mujeres dedicadas, el centro ofrece un entorno seguro, un cuidado estructurado y un espacio c\u00e1lido para los ni\u00f1os mientras los padres trabajan o hacen recados. <\/p>\n<p data-start=\"2077\" data-end=\"2388\">Con una tarifa de <strong data-start=\"2092\" data-end=\"2111\">10 d\u00f3lares estadounidenses al d\u00eda<\/strong> y horario de <strong data-start=\"2127\" data-end=\"2154\">8:00 a.m. a 12:00 p.m<\/strong>., es ideal para familias que necesitan cuidado de d\u00eda parcial. La ubicaci\u00f3n\u2014justo enfrente de Variedades Chele\u2014facilita dejar y recoger el lugar. Si buscas un servicio de guarder\u00eda local y fiable en SJDS, Semillitas es una opci\u00f3n s\u00f3lida.  <\/p>\n","protected":false},"author":14,"comment_status":"closed","ping_status":"closed","template":"","atbdp_listing_types":[5632],"at_biz_dir-category":[6794,6478],"at_biz_dir-location":[5764],"at_biz_dir-tags":[6800,6801,6797,6795,6802,6798,6799,6796,6803,6804],"class_list":["post-16605","at_biz_dir","type-at_biz_dir","status-publish","hentry","atbdp_listing_types-directorio-de-negocios","at_biz_dir-category-guarderias","at_biz_dir-category-servicios-familiares-y-cuidado-de-ninos","at_biz_dir-location-san-juan-del-sur","at_biz_dir-tags-centro-infantil","at_biz_dir-tags-cuidado-diario","at_biz_dir-tags-cuidado-infantil","at_biz_dir-tags-guarderia-2","at_biz_dir-tags-guarderia-local","at_biz_dir-tags-guarderia-sjds","at_biz_dir-tags-infancia-temprana","at_biz_dir-tags-preescolar","at_biz_dir-tags-semillitas-sjds","at_biz_dir-tags-servicios-de-cuidado-infantil"],"_links":{"self":[{"href":"https:\/\/nicaseeker.com\/es\/wp-json\/wp\/v2\/at_biz_dir\/16605","targetHints":{"allow":["GET"]}}],"collection":[{"href":"https:\/\/nicaseeker.com\/es\/wp-json\/wp\/v2\/at_biz_dir"}],"about":[{"href":"https:\/\/nicaseeker.com\/es\/wp-json\/wp\/v2\/types\/at_biz_dir"}],"author":[{"embeddable":true,"href":"https:\/\/nicaseeker.com\/es\/wp-json\/wp\/v2\/users\/14"}],"replies":[{"embeddable":true,"href":"https:\/\/nicaseeker.com\/es\/wp-json\/wp\/v2\/comments?post=16605"}],"version-history":[{"count":0,"href":"https:\/\/nicaseeker.com\/es\/wp-json\/wp\/v2\/at_biz_dir\/16605\/revisions"}],"wp:attachment":[{"href":"https:\/\/nicaseeker.com\/es\/wp-json\/wp\/v2\/media?parent=16605"}],"wp:term":[{"taxonomy":"atbdp_listing_types","embeddable":true,"href":"https:\/\/nicaseeker.com\/es\/wp-json\/wp\/v2\/atbdp_listing_types?post=16605"},{"taxonomy":"at_biz_dir-category","embeddable":true,"href":"https:\/\/nicaseeker.com\/es\/wp-json\/wp\/v2\/at_biz_dir-category?post=16605"},{"taxonomy":"at_biz_dir-location","embeddable":true,"href":"https:\/\/nicaseeker.com\/es\/wp-json\/wp\/v2\/at_biz_dir-location?post=16605"},{"taxonomy":"at_biz_dir-tags","embeddable":true,"href":"https:\/\/nicaseeker.com\/es\/wp-json\/wp\/v2\/at_biz_dir-tags?post=16605"}],"curies":[{"name":"wp","href":"https:\/\/api.w.org\/{rel}","templated":true}]}}

Semillitas Daycare SJDS – Guardería Local de confianza

<h3 data-start="1775" data-end="1822">Guardería Semillitas:</h3>
<p data-start="1824" data-end="2075"><strong data-start="1824" data-end="1853">Semillitas Daycare Centre</strong> en San Juan del Sur ofrece cuidado infantil fiable cada mañana de lunes a viernes. Dirigido por dos mujeres dedicadas, el centro ofrece un entorno seguro, un cuidado estructurado y un espacio cálido para los niños mientras los padres trabajan o hacen recados. </p>
<p data-start="2077" data-end="2388">Con una tarifa de <strong data-start="2092" data-end="2111">10 dólares estadounidenses al día</strong> y horario de <strong data-start="2127" data-end="2154">8:00 a.m. a 12:00 p.m</strong>., es ideal para familias que necesitan cuidado de día parcial. La ubicación—justo enfrente de Variedades Chele—facilita dejar y recoger el lugar. Si buscas un servicio de guardería local y fiable en SJDS, Semillitas es una opción sólida.  </p>
